
53ca8
In base 13, what is -3 - -3434b34?
3434b31
In base 6, what is -2312212425 + 1?
-2312212424
In base 12, what is -1744094 + -64?
-1744138
In base 10, what is -3143 - -9722?
6579
In base 3, what is 10022110 + -1221021?
1101012
In base 3, what is -212111021100 + 100120?
-212110220210
In base 12, what is -141 + -24629a?
-24641b
In base 8, what is -34531 - 5345?
-42076
In base 5, what is 0 - -4334101?
4334101
In base 16, what is -72 - -840a5?
84033
In base 4, what is 313131101331 - -3?
313131102000
In base 2, what is -10110110101000000100100 + 100?
-10110110101000000100000
In base 4, what is 110320032200 - 2?
110320032132
In base 2, what is -11 - 1100101011111011001101?
-1100101011111011010000
In base 14, what is -17831b8 + 4?
-17831b4
In base 9, what is 8844 - 427?
8416
In base 15, what is -49377e - -5c?
-493722
In base 4, what is -20021120330120 + 10?
-20021120330110
In base 15, what is 46762656 - -2?
46762658
In base 5, what is 1 - 10134341220?
-10134341214
In base 2, what is -10010100010111001011 - 11010010?
-10010100011010011101
In base 10, what is 21936884 + -4?
21936880
In base 5, what is -2430111231022 - -3?
-2430111231014
In base 2, what is 0 - 11101011111110010111001010?
-11101011111110010111001010
In base 15, what is 3102 + -1660?
1992
In base 14, what is 5 - -cb9a4d?
cb9a54
In base 6, what is -22251135 + 11?
-22251124
In base 7, what is -556166 + -3530?
-563026
In base 2, what is 11001110 - -1000011111000000100101?
1000011111000011110011
In base 15, what is -2406b4 + -279?
-24093d
In base 14, what is -61dc4d - -3?
-61dc4a
In base 16, what is -2600 + 167?
-2499
In base 5, what is -1010403132 + 1031?
-1010402101
In base 6, what is -115 - 1324453?
-1325012
In base 15, what is -2a - -db2cc?
db2a2
In base 5, what is 10 - -112201300132?
112201300142
In base 11, what is -3779952 + 4a?
-3779903
In base 12, what is 88 + 1753354?
1753420
In base 11, what is -936 + -1a7180?
-1a8006
In base 16, what is 380bc0 - -3?
380bc3
In base 9, what is 237733260 - 0?
237733260
In base 14, what is d0734 - 16?
d071c
In base 16, what is 208d186 - -2?
208d188
In base 5, what is 2134 + -33003324?
-33001140
In base 12, what is -16256 + -16b6?
-17950
In base 11, what is 17669 - -639?
181a7
In base 11, what is 136425 + -5?
136420
In base 2, what is -100101010001101 - -10100111010111?
-10000010110110
In base 13, what is -4b9899 - 2?
-4b989b
In base 12, what is -179773 - 3?
-179776
In base 14, what is a5258 + -10b?
a514b
In base 12, what is 9843047 + 3?
984304a
In base 12, what is 24189 - 53?
24136
In base 9, what is -23763544 - 32?
-23763576
In base 7, what is -2315 - -343236?
340621
In base 11, what is -11 - 999531a?
-9995330
In base 15, what is bc57 - -112?
bd69
In base 8, what is 602146 - -65?
602233
In base 10, what is -6683387 - 4?
-6683391
In base 4, what is -2 - -13013222121?
13013222113
In base 7, what is 10 + 105544032?
105544042
In base 4, what is -1330110021 - -1102?
-1330102313
In base 7, what is -352353156 + -2?
-352353161
In base 4, what is -21 - -11321103232?
11321103211
In base 14, what is -3 - -8bd2ad5?
8bd2ad2
In base 10, what is -2 - -75690860?
75690858
In base 13, what is 10b886c6 + a?
10b88703
In base 4, what is -11130333133 + -2?
-11130333201
In base 14, what is 1700 - 1003?
6db
In base 3, what is -21110122111210122 - 2?
-21110122111210201
In base 10, what is 1114 + -5496?
-4382
In base 7, what is -220411 - 465?
-221206
In base 15, what is 58eec - a0?
58e4c
In base 10, what is -16 + 2173308?
2173292
In base 14, what is 12 - 187c9c?
-187c8a
In base 14, what is 1a820 + a16?
1b436
In base 13, what is -388677c - 46?
-38867c5
In base 8, what is 214334 - 243?
214071
In base 10, what is -4358 - -10480?
6122
In base 12, what is -163b7b940 - 4?
-163b7b944
In base 11, what is 10733309 - 4?
10733305
In base 9, what is -235086 - 164?
-235261
In base 8, what is 52051030 + 2?
52051032
In base 3, what is 102002111011 + -10102?
102002100202
In base 6, what is 1105 - -442433?
443542
In base 6, what is -4332235012 + 0?
-4332235012
In base 6, what is 455505 - -224255?
1124204
In base 6, what is 34301 + 5342?
44043
In base 5, what is -1440244 - -30403?
-1404341
In base 10, what is -2078904 + -10?
-2078914
In base 16, what is -94 + 2e01f?
2df8b
In base 7, what is -634320650 - 32?
-634321012
In base 2, what is 10101110110110100 - -110100001100?
10110101011000000
In base 14, what is 130b6 + -c349?
4b6b
In base 4, what is 0 - -121101330221?
121101330221
In base 11, what is -64 + -837379?
-837432
In base 10, what is 2 - 49172433?
-49172431
In base 15, what is -10ee68 - -15?
-10ee53
In base 9, what is -6 + 3662443?
3662436
In base 6, what is -4 + -4555015321?
-4555015325
In base 8, what is -1503164 + 1663?
-1501301
In base 10, what is 7 - 17983384?
-17983377
In base 7, what is -61620521 - -54?
-61620434
In base 11, what is -1a60 - 19396?
-20346
In base 15, what is 49b2ec + 0?
49b2ec
In base 5, what is -2010100 - -122401?
-1332144
In base 8, what is 151664 + -565?
151077
In base 13, what is -1183 - -bac74?
b9ac1
In base 3, what is -21001202222 + 2202?
-21001200020
In base 11, what is a1834803 + 0?
a1834803
In base 16, what is 24 - -c5f9?
c61d
In base 8, what is -17420 - 6155?
-25575
In base 7, what is 1262 - -140141?
141433
In base 12, what is -21 - b749?
-b76a
In base 16, what is 9a06a3f - -4?
9a06a43
In base 6, what is -22 + -52433545?
-52434011
In base 4, what is 1 + 222033120103?
222033120110
In base 14, what is 68d107a + 4?
68d1080
In base 9, what is -114351645 + 4?
-114351641
In base 11, what is -2616 - -4a4?
-2122
In base 14, what is -4 + -64002d7?
-64002db
In base 16, what is -b0f - -1087?
578
In base 13, what is 45bb64 + -1?
45bb63
In base 16, what is 7da0fe - 6?
7da0f8
In base 14, what is -2d9 - -43a2?
40a7
In base 7, what is -4124603125 - -2?
-4124603123
In base 4, what is -10 + -301023331200?
-301023331210
In base 2, what is 100011110000110011 - -100100?
100011110001010111
In base 7, what is -2512 - -626323?
623511
In base 7, what is -6210 - 402?
-6612
In base 4, what is 21131033 + -31311?
21033122
In base 2, what is 100000111 + 1001000110111001101?
1001000111011010100
In base 3, what is -1010222020122 - -20212?
-1010221222210
In base 4, what is 313111232213 + 2?
313111232221
In base 6, what is 5 - -1415123314?
1415123323
In base 12, what is -a54937 + 5?
-a54932
In base 8, what is 14 - -240756465?
240756501
In base 5, what is -3420004214 + 10?
-3420004204
In base 16, what is 1 + -783b046?
-783b045
In base 15, what is -94a914 + 0?
-94a914
In base 9, what is 1 - -11286213?
11286214
In base 2, what is 100 + -101101000001000100010010011?
-101101000001000100010001111
In base 10, what is -8712776 + 1?
-8712775
In base 6, what is -112251 - 23453?
-140144
In base 6, what is -235322254 + -320?
-235323014
In base 5, what is -11413143 + 21113?
-11342030
In base 3, what is 102011220 - 100020?
101211200
In base 12, what is -831 + 582b?
4bba
In base 5, what is 10 - -10021304444?
10021310004
In base 3, what is -11120012 + 212020?
-10200222
In base 9, what is 76 + -50786?
-50710
In base 3, what is -12020 + 12101021012001?
12101020222211
In base 7, what is 5 - 2605451101?
-2605451063
In base 2, what is 1101000011110011101011101 - 1?
1101000011110011101011100
In base 9, what is -184 - -2402718?
2402524
In base 8, what is -1 + -7203536?
-7203537
In base 9, what is -15 + 2356743?
2356727
In base 2, what is -110101000111 - 1101101010100010?
-1110011111101001
In base 6, what is 25534 - -24?
30002
In base 9, what is 4216 + -25365?
-21148
In base 9, what is 23858230 + -4?
23858225
In base 8, what is 47 - 264300?
-264231
In base 4, what is -1132 - 102130332?
-102132130
In base 15, what is -14907 - -1a63?
-12d94
In base 5, what is -3341121422 - 3?
-3341121430
In base 5, what is 222422330141 - 3?
222422330133
In base 10, what is 1 + 121138072?
121138073
In base 11, what is 18 - 13330592?
-13330575
In base 4, what is -110200213010 - 11?
-110200213021
In base 4, what is -2 + 2130012230001?
2130012223333
In base 9, what is -1383374 - 6?
-1383381
In base 13, what is -3147c - -553?
-30c29
In base 4, what is 1022101231222 - 11?
1022101231211
In base 6, what is 12 - -2150303215?
2150303231
In base 15, what is 217db4 + -8?
217dab
In base 3, what is -1012100010122 + 12?
-1012100010110
I